umber?
False
Is 6008399 a composite number?
False
Is 192958247 composite?
True
Is 31379 composite?
False
Is 679498 a composite number?
True
Is 346081109 a prime number?
False
Is 378327181 prime?
True
Is 203703 a composite number?
True
Is 167656051 composite?
False
Is 39505 a composite number?
True
Is 3552217 composite?
False
Is 1048387 composite?
False
Is 8550521 a composite number?
True
Is 3114997 a prime number?
True
Is 943591 prime?
False
Is 99206911 a composite number?
False
Is 86183 prime?
True
Is 1203483 a composite number?
True
Is 1654249 composite?
True
Is 336709937 composite?
False
Is 26390209 a prime number?
False
Is 3411142573 composite?
False
Is 2751547 composite?
True
Is 49381853 a composite number?
True
Is 22952801 a composite number?
False
Is 733511 a prime number?
True
Is 11192451 a composite number?
True
Is 3206471 prime?
True
Is 1875031 composite?
True
Is 1440811 a composite number?
False
Is 82455137 a prime number?
False
Is 1181918 a composite number?
True
Is 32597269 composite?
True
Is 67156847 composite?
True
Is 10614269 a composite number?
True
Is 35246443 composite?
True
Is 107776423 a prime number?
False
Is 5230739 composite?
True
Is 154561 composite?
True
Is 8492153 a composite number?
False
Is 37857491 a prime number?
False
Is 803083 a prime number?
False
Is 119472337 composite?
False
Is 77977499 a prime number?
False
Is 204935317 prime?
False
Is 11332613 a composite number?
False
Is 116636393 prime?
True
Is 187532845 a prime number?
False
Is 2473493 composite?
True
Is 2702981 a prime number?
False
Is 12485881 prime?
True
Is 237767093 a composite number?
False
Is 412902857 prime?
False
Is 177098291 a composite number?
False
Is 50197633 a composite number?
False
Is 15352991 a prime number?
True
Is 8143963 a prime number?
False
Is 21085087 a prime number?
True
Is 50100341 composite?
False
Is 57151771 composite?
False
Is 430343 a prime number?
True
Is 19672726 a composite number?
True
Is 13257521 prime?
True
Is 1317751 a prime number?
True
Is 77281861 prime?
True
Is 3825343 a composite number?
False
Is 35432837 a prime number?
False
Is 9086039 prime?
True
Is 735945321 composite?
True
Is 6824959 prime?
True
Is 5029727 a composite number?
False
Is 1913669 a composite number?
True
Is 75325961 composite?
False
Is 520710293 a composite number?
True
Is 6016771 composite?
False
Is 7313419 a prime number?
True
Is 1238267 composite?
False
Is 6170557 composite?
False
Is 950645 composite?
True
Is 751998203 prime?
False
Is 1298339 prime?
False
Is 79045229 composite?
False
Is 13717679 prime?
True
Is 22476299 composite?
False
Is 16727234 prime?
False
Is 502610653 prime?
True
Is 18472367 composite?
False
Is 2492621 a prime number?
False
Is 104549831 a prime number?
False
Is 5559797 a prime number?
False
Is 63429103 a composite number?
False
Is 315670099 a prime number?
False
Is 14933081 composite?
False
Is 4037707 composite?
False
Is 54349105 composite?
True
Is 6230789 composite?
True
Is 80259778 composite?
True
Is 1479341 prime?
True
Is 5795995 a composite number?
True
Is 7612999 composite?
True
Is 38618473 composite?
False
Is 22501223 a prime number?
True
Is 771679 prime?
True
Is 16001663 a composite number?
False
Is 80561659 composite?
True
Is 193182299 composite?
False
Is 2002013 prime?
False
Is 225731731 composite?
True
Is 3034117 a composite number?
False
Is 63169439 composite?
False
Is 1790699 composite?
True
Is 81062141 a composite number?
False
Is 2934641 composite?
False
Is 23482073 composite?
False
Is 970109 prime?
False
Is 4843667 a prime number?
False
Is 3605939 a composite number?
False
Is 44697398 a prime number?
False
Is 2855207 a composite number?
False
Is 576077 a prime number?
False
Is 9230327 prime?
True
Is 30295033 a prime number?
True
Is 2771213 a prime number?
True
Is 79968191 a composite number?
True
Is 387579259 prime?
True
Is 336180611 composite?
True
Is 12541129 composite?
False
Is 125446903 composite?
False
Is 9884677 composite?
True
Is 770830867 prime?
True
Is 4314641 a composite number?
True
Is 17524009 a composite number?
True
Is 16012097 a prime number?
True
Is 45973723 a composite number?
True
Is 6691219 composite?
False
Is 11397391 a prime number?
True
Is 21030857 a composite number?
False
Is 403855051 prime?
False
Is 4731367 composite?
False
Is 25559623 composite?
False
Is 186538631 composite?
False
Is 63368339 prime?
True
Is 77454931 composite?
False
Is 14226197 composite?
True
Is 57116681 composite?
False
Is 321779 prime?
True
Is 80860601 a composite number?
False
Is 3828589 prime?
True
Is 3081943 composite?
False
Is 5288831 a composite number?
True
Is 38844821 a composite number?
False
Is 3088213 prime?
True
Is 292020749 a composite number?
True
Is 3854855 prime?
False
Is 399043 a composite number?
False
Is 45114059 composite?
False
Is 47750893 composite?
False
Is 7773373 a prime number?
False
Is 2130461 a composite number?
False
Is 44487817 composite?
True
Is 45424831 a prime number?
False
Is 2527997 composite?
False
Is 155739449 prime?
True
Is 8380573 composite?
True
Is 8624899 prime?
False
Is 21630761 prime?
True
Is 7441471 a composite number?
False
Is 274826987 a composite number?
False
Is 5839829 composite?
False
Is 1830847 composite?
True
Is 282961 prime?
False
Is 5004653 a composite number?
False
Is 19587091 prime?
False
Is 2942221 a composite number?
False
Is 13624837 a prime number?
False
Is 1343467 prime?
True
Is 1553119 a composite number?
False
Is 15653431 prime?
False
Is 3039917 a prime number?
True
Is 58962347 a prime number?
False
Is 884651 a prime number?
True
Is 17475629 a composite number?
False
Is 192491569 prime?
True
Is 158501437 a prime number?
False
Is 5481317 a prime number?
True
Is 10595191 prime?
True
Is 77962343 prime?
False
Is 436585861 composite?
False
Is 32342677 prime?
False
Is 169601833 composite?
False
Is 892039 a prime number?
False
Is 310570669 a composite number?
True
Is 17581595 prime?
False
Is 10608259 a prime number?
False
Is 8107697 prime?
False
Is 1466449 a prime number?
True
Is 75771991 prime?
False
Is 2948449 composite?
True
Is 8397877 a prime number?
True
Is 9658837 composite?
False
Is 30986035 prime?
False
Is 12154423 composite?
True
Is 3414149 prime?
False
Is 133256359 prime?
True
Is 162334147 prime?
False
Is 70328831 a prime number?
True
Is 872297 prime?
False
Is 17885947 prime?
False
Is 131259593 composite?
True
Is 42291139 prime?
False
Is 12428749 prime?
True
Is 17398487 composite?
False
Is 3739273 a prime number?
False
Is 9784777 prime?
True
Is 5422097 prime?
True
Is 10069165 a prime number?
False
Is 709073 a prime number?
False
Is 22720391 a composite number?
False
Is 739211069 a composite number?
False
Is 28503487 a composite number?
True
Is 548813 composite?
True
Is 10424071 a composite number?
True
Is 23128243 composite?
True
Is 166273901 a prime number?
False
Is 16557791 a composite number?
False
Is 22064083 composite?
False
Is 224453 a composite number?
True
Is 94570103 prime?
False
Is 13170683 a composite number?
True
Is 5952169 a composite number?
False
Is 7338239 a composite number?
True
Is 2443093 composite?
False
Is 3879312029 composite?
False
Is 137537 composite?
False
Is 51184241 prime?
True
Is 15128777 a prime number?
False
Is 1181039 a prime number?
True
Is 308014094 composite?
True
Is 261223 composite?
False
Is 9111601 composite?
True
Is 1373321 prime?
True
Is 53877911 prime?
False
Is 89310661 a prime number?
False
Is 2327293 a prime number?
True
Is 220760117 composite?
False
Is 40979063 composite?
False
Is 6342079 prime?
True
Is 2380579 a composite number?
True
Is 2948597 a prime number?
False
Is 55070591 a prime number?
True
Is 45568219 a composite number?
True
Is 20938133 a prime number?
False
Is 63573941 a prime number?
True
Is 15683441 a composite number?
False
Is 24730459 composite?
True
Is 7982461 a prime number?
True
Is 229453 prime?
False
Is 3348733 composite?
False
Is 1567999 prime?
True
Is 2881783 composite?
False
Is 1029607 prime?
False
Is 2077457 composite?
True
Is 129212719 composite?
True
Is 7515763 a composite number?
False
Is 2265307 prime?
False
Is 647802827 composite?
True
Is 4538455 prime?
False
Is 245587 a prime number?
True
Is 3021729 a prime number?
False
Is 21432181 prime?
True
Is 5177851 a composite numb